 digit of l?
5
Suppose 102 = 5*d + 27. What is the units digit of d/(-10)*(-102)/9?
7
Let d(o) = -o**2 + 6*o - 8. Let k be d(7). What is the units digit of (-1 + (-21)/k)*5?
2
What is the units digit of (-1)/((10/(-18))/5)?
9
What is the tens digit of (0 - -34) + 4 + -7?
3
Suppose 0 = -2*f - 4*k + 164, 44 = 3*f + 4*k - 204. What is the units digit of f?
4
What is the tens digit of (-1 + 2)/((-14)/(-3346))?
3
Let h be 0 + 4/8*6. Suppose -7*u + h*u = -92. What is the units digit of u?
3
Let a(d) = d**3 - 6*d**2 + d + 5. Let q be a(6). Suppose -5 + 2 = -r + 2*c, -2*r + 3*c + q = 0. What is the tens digit of r?
1
Let g(f) = 14*f + 29. What is the hundreds digit of g(12)?
1
Let i(v) = v**2 + 11*v - 11. Let t be i(-12). Let y be (t/(-1) + 3)*-4. What is the tens digit of (-28)/3*12/y?
1
Let x(p) = -14*p - 3. Let v be x(-4). Let u = v + -31. What is the units digit of u?
2
Suppose 0 = -4*t + 3*x - 2*x - 6, 0 = -t - 4*x - 10. What is the units digit of 6 - 5 - 10/t?
6
Let a = 41 - -94. Suppose -9*o - a = -12*o. What is the tens digit of o?
4
Suppose -o - 2 = 3*b - 4, 0 = 2*o - 5*b - 4. Let f be -69*((-5)/(-3) - o). Suppose 3 - f = -4*c. What is the units digit of c?
5
Suppose -o - x - 5 = 0, -2*o = -2*x - 7 - 3. Suppose o = 2*b - 5*z - 87, 4*z = -5*b - 110 + 311. What is the units digit of b?
1
Let j(i) = -2*i - 7. Suppose 0 = -5*y + 6*y. Suppose u = -y*u - 6. What is the units digit of j(u)?
5
Let y(q) = -q + 12. Let m = -18 + 12. What is the tens digit of y(m)?
1
Let t = 12 - -2. What is the units digit of t?
4
Let r(l) = l**3 - 4*l**2 - 4*l + 6. Let z be r(4). Let p = z - -17. What is the units digit of p?
7
Let g(x) = x - 8. Let o(s) = -s + 9. Let h(z) = 4*g(z) + 3*o(z). What is the units digit of h(9)?
4
Let c(h) = h**2 + 4*h - 11. Let b be ((-12)/16)/((-1)/4). Suppose p + 5*l = b*p - 4, -4*p - 2*l = 40. What is the tens digit of c(p)?
2
Suppose 4*c + 3*w = -32, 2*c + 4 = w - 2. What is the units digit of (c/2)/(45/(-36))?
2
Let s = -160 - -181. What is the units digit of s?
1
Let b(o) = o**3 - 3*o**2 + 5. What is the units digit of b(4)?
1
Let g(w) = 5*w**2 + 4*w + 2. Let c = -15 - -9. Let u be c/(-4)*8/(-6). What is the units digit of g(u)?
4
What is the tens digit of (-24)/((-3)/(-6)*4/(-22))?
6
Let s = 66 - 19. What is the tens digit of s?
4
Suppose -5*q - 15 = 10. Let t = q + -5. Let d = 6 - t. What is the units digit of d?
6
Let y(s) = -s**2 - 6*s + 11. Suppose -p - 41 = 5*i, 0 = 4*i - 2*i - 3*p + 30. Let h be y(i). Let c = 31 + h. What is the tens digit of c?
1
Suppose 3*b + 2*s = 546, 2*b - 353 = 11*s - 16*s. What is the tens digit of b?
8
Suppose 2*w + 0*w + 2*m - 104 = 0, 4*w - 190 = 5*m. What is the tens digit of w?
5
Suppose 2*a - a = -2*n + 40, 3*n + 2*a = 61. What is the tens digit of n?
1
Suppose -3*h = -3*w + 21, 3*w - w + h = -1. Suppose l = 2*l. Let q = l + w. What is the units digit of q?
2
Let t = -7 + 15. What is the units digit of t?
8
Let n be (0 - 0) + 0/2. Let s = n - -1. What is the units digit of s?
1
Let m = 14 - -4. What is the units digit of (-3)/m - 28/(-24)?
1
Let n be ((-14)/(-4) - 1)*6. Let m = -8 + n. Let x(z) = -z**3 + 6*z**2 + 9*z - 5. What is the units digit of x(m)?
9
Let u = -5 + 8. Suppose 0 = -2*r + 5*m + 22 + 7, -4*r + 19 = u*m. What is the units digit of r?
7
Let a(j) be the second derivative of 1/6*j**3 - 1/2*j**2 + 2*j + 0. What is the units digit of a(6)?
5
Suppose -8*t = 19 - 59. Suppose g + f + 18 = 5*f, 4*f - 24 = -2*g. Suppose -v + t = -g. What is the units digit of v?
7
Let i = -28 - -47. Let b(m) = 2*m**2 + 12*m - 1. Let g be b(-5). Let u = i + g. What is the units digit of u?
8
Let o(s) = 2*s + 2. Let p be o(-3). What is the units digit of p - -5 - 1*-1?
2
Suppose -3*s = 54 - 15. Let n = s + 15. What is the units digit of n?
2
What is the units digit of 481/4 + (-1)/4?
0
Let w = -4 + 8. Suppose 3*x + 36 = w*z + 7*x, -3*z + 47 = -2*x. What is the tens digit of z?
1
Let h(i) = -i**3 - 8*i**2 + 5*i + 5. What is the units digit of h(-9)?
1
Suppose 4*p - 260 = -0*p. What is the tens digit of p?
6
Suppose 4*r - 302 = -2*p + 256, -2*p = -r + 142. What is the units digit of r?
0
Let y(l) = 2*l. Let i be y(4). What is the units digit of i + (1 - (-1 - -3))?
7
Let y be (-2)/(0 + (1 - -1)). What is the units digit of 0 + y + (3 - -3)?
5
Suppose 0 = -4*f + 3*f + 38. What is the units digit of f?
8
Suppose 0 = -6*z + 3*z - 4*i + 28, 5*z - 37 = 3*i. Let a(d) = 0 - 5*d - 3*d**3 - 8 + 2*d**3 + 9*d**2. What is the units digit of a(z)?
6
Suppose -p + 2 = 1. Suppose 2*v = 3 + p. Suppose v = 2*x - 2. What is the units digit of x?
2
Let d be 3/(-1)*(-55)/33. Let c be (2 - -20)/((-4)/(-6)). Suppose 5*b = 4*q + c, -4*q = -d*b - 3*q + 42. What is the units digit of b?
9
Suppose -3*b = -5*b - 72. Let l = b + 55. What is the tens digit of l?
1
Let f be (-16)/(-6)*(-3)/(-2). Let a(n) = 7*n - 9. Let x(b) = -13*b + 17. Let u(h) = -7*a(h) - 4*x(h). What is the units digit of u(f)?
7
Suppose -5*y + 40 = -y. What is the units digit of y?
0
Let n(a) = -14*a**3 - 2*a**2 - 2*a - 1. What is the hundreds digit of n(-2)?
1
Let h(v) = v**2 - 8*v + 9. Let s(g) = -g**3 - 7*g**2 - 2*g - 6. Let x be s(-7). What is the units digit of h(x)?
9
Let h(j) = 6*j**2 + 3*j + 1. Let t(o) = 3*o**2 + o. Let f(i) = 4*h(i) - 7*t(i). What is the units digit of f(-3)?
6
What is the units digit of (-13)/(-15) + (-6)/(-45)?
1
Suppose -5*s - 4*c + 200 = 0, -4*s + 118 = -s + 2*c. What is the units digit of s?
6
Let z(k) = 3*k**3 - 15*k**2 + 3*k + 10. What is the units digit of z(5)?
5
Suppose 2*r - 4 = 2, 2*x = r + 15. What is the tens digit of (-3)/x - (-43)/3?
1
Suppose 5*c + 4*h + 0*h - 14 = 0, 0 = 2*c - 4*h - 28. What is the units digit of (10/c)/((-2)/(-6))?
5
Let g(c) = -c**3 + 13*c**2 + 7*c + 3. What is the units digit of g(12)?
1
Suppose -q + 8 = -2*k - 7, 0 = q + k - 15. Suppose f - q = -0*f. What is the tens digit of f?
1
Let r be 0 + (-1 - (0 + -4)). Suppose 5*k - 65 = -4*v, -r*k - 4*v + 16 = -31. What is the units digit of k?
9
Let s be (20/6)/(6/9). Suppose -l = -s + 2. What is the units digit of l?
3
What is the tens digit of -1 + 18*(-3 - 68/(-8))?
9
Suppose -3*z = z - 80. Let w = 41 - z. What is the units digit of w?
1
Let t(z) = -9*z - 8. Let y be t(-8). Suppose -2*d + y = d - 5*k, -4*k - 72 = -4*d. What is the tens digit of d?
1
Let a(k) = k**3 + 5*k**2 - 9*k - 8. Let o be a(-6). Suppose 0 = -2*p + g + 18, -2*p + 4*g + 20 = -o. What is the units digit of p?
7
What is the units digit of (-1)/(-3)*(-117)/(-13)?
3
Let o(n) be the second derivative of -4*n**3/3 - n**2/2 + n. Let z be o(-1). Let b = -4 + z. What is the units digit of b?
3
Let s(f) = 134*f**3 + f**2 + f - 1. Let k be s(1). Suppose 2*j - 7*j + k = 0. What is the tens digit of j?
2
Let v = -9 - -19. Suppose -4 = 3*g + 3*u - v, -u + 2 = 4*g. Suppose 4*z - 16 = -2*k + 3*k, g = 4*k - 3*z - 1. What is the units digit of k?
4
Let u = -2 - -8. Suppose 0 = -0*d - 3*d + 9. Suppose -7*v + d*y - u = -4*v, 3*v = -4*y + 22. What is the units digit of v?
2
Let h(u) = 0*u - 5 + 3*u + 2*u. Let r = 8 + -4. What is the tens digit of h(r)?
1
Let x = -10 - -30. Suppose -7*c - 11 = -5*l - 3*c, 5*l + 5*c - x = 0. What is the units digit of 13/l + 2/(-6)?
4
Let a(i) = i**3 - i**2 + i + 1. Let l be a(0). What is the units digit of (8 - l) + 1/1?
8
Let i = 14 - 13. What is the units digit of i?
1
Let j = 72 + 3. What is the units digit of j?
5
Suppose -5*p + 100 = -3*b - b, 4*b - 44 = -p. What is the units digit of p?
4
Let u(m) = 2*m + 10. Let c be u(-7). Let h = 15 + -9. Let x = c + h. What is the units digit of x?
2
Suppose 2 = -p + 3. What is the units digit of (14 + -3 - 0) + p?
2
Suppose p + 2 - 10 = 0. Suppose -4*h = -4 - p. Suppose h*n - 5 = 4. What is the units digit of n?
3
Suppose v - 8 = -2*n, 3*n = v - 6 + 13. Suppose -a - t + 175 = n*a, 3*a + 4*t = 115. What is the units digit of a?
5
Let x = -207 + 633. What is the units digit of x?
6
Let f(a) = -a**2 + 12*a - 2 - 6*a + 7. Let h(w) = -2*w - 8. Let c be h(-7). What is the units digit of f(c)?
5
Let k = -18 - -34. Suppose -4*t + 3*t = 3*s - k, -4*t - 26 = -3*s. What is the units digit of s?
6
Let m be 56/(-35) + 2/(-5). What is the units digit of 4 + 1/m*2?
3
What is the tens digit of (99/(-12))/((-9)/24)?
2
Let d = -1 - -4. Let f = 8